4/21)/(22/77) is divided by 9.
6
Suppose 2*a - 88 = -2*r + 6, -4*r - a = -203. Let q = -26 + 53. Calculate the remainder when r is divided by q.
25
Let n = 109 + -102. Calculate the remainder when 20 is divided by n.
6
Calculate the remainder when ((-11)/(-4))/(1/20) is divided by 14.
13
Let f(y) = 34*y + 3. What is the remainder when f(2) is divided by 24?
23
Let y = -553 - -843. Suppose -2*l = -7*l + y. Calculate the remainder when l is divided by 12.
10
What is the remainder when ((-1)/(-1))/(2/14) is divided by 5?
2
Suppose -5*m - b + 16 = -2*m, 8 = 2*m + 2*b. Calculate the remainder when 29 is divided by m.
5
Let u = -26 + -3. Let t = u - -42. Calculate the remainder when t is divided by 5.
3
Let l = -119 + 205. Suppose 0 = 5*c - 2*a - l, 2*a = 3*a + 3. What is the remainder when 30 is divided by c?
14
Let p = -9 + 7. What is the remainder when 52 is divided by p/(-3 + (-158)/(-54))?
25
Let b(u) = 2*u**3 - 4*u**2 + 5*u - 1. Let r(f) = 3*f**3 - 5*f**2 + 6*f - 2. Let l(o) = -4*b(o) + 3*r(o). Calculate the remainder when l(3) is divided by 10.
8
Let r = -4 - -12. Let c = 10 - r. Calculate the remainder when c is divided by 2.
0
Let w = 46 + -31. Calculate the remainder when 44 is divided by w.
14
Suppose -4*x = -75 - 41. What is the remainder when x is divided by 8?
5
Let q be (-4)/10 - (-13)/(-5). Suppose -5*j = 2*y + 111, 3*y = -j + 6 - 36. Calculate the remainder when 63 is divided by 1 - (q + 3 + j).
19
Suppose 3*y - 4*d = 4 + 19, 29 = y + 4*d. Let l be -4*(15/(-6) + 2). Suppose -l*h + 5*h = 15. Calculate the remainder when y is divided by h.
3
Let x = -1 - -5. Suppose 3*b - 13 = -2*g, 4*g - x*b - 56 = -0*b. What is the remainder when (14/(-4))/(2/(-12)) is divided by g?
10
Suppose -2*g + 30 = -4. Let c = -234 + 151. Let p = c + 133. What is the remainder when p is divided by g?
16
Suppose 192 = -3*c - z + 4*z, -197 = 3*c + 2*z. Let i = 118 + c. What is the remainder when i is divided by 14?
11
Let w(z) = -3 - 9*z - 6 + 5 + 2. Calculate the remainder when w(-3) is divided by 7.
4
Suppose -5*n - 5*a = 10, -a = n - 4*n + 14. Let s(o) = -o**2 - 5*o - 2. Let y be s(-5). Let t = y + n. Calculate the remainder when 2 is divided by t.
0
Let l = -44 + 130. Let j(v) = 12*v**2 - 1. Let c be j(-2). Let s = l - c. Calculate the remainder when s is divided by 10.
9
Let f(i) = -7*i. Let u be f(1). Let x = u + 13. Calculate the remainder when 17 is divided by x.
5
Let m(k) = k**3 - 3*k**2 - 5*k. Let a be m(4). Suppose 102 = 5*p + 7. Let f = p + a. What is the remainder when 29 is divided by f?
14
Calculate the remainder when 177*((-50)/(-15) - 3) is divided by 21.
17
Let d(b) = 4*b - 6. Let o be d(4). Suppose -a + 1 - o = -j, j + a - 15 = 0. Calculate the remainder when 1 + 22 + 5/(-5) is divided by j.
10
Let y = 97 - 58. Let s(k) = k**3 + 5*k**2 + k + 2. Calculate the remainder when y is divided by s(-4).
11
What is the remainder when 117 is divided by -32*3/(-6) + -1?
12
Let y = -153 - -215. Suppose 8*j - y = 6*j. Suppose 0*q = -4*q + 44. What is the remainder when j is divided by q?
9
Suppose n + 30 = -4*n. Let p = n - -8. What is the remainder when p is divided by 2?
0
Suppose -3 - 1 = 2*z, 0 = -4*t + 5*z + 42. Suppose 0*p = 2*p - t. What is the remainder when 29 is divided by 43/3 - p/(-6)?
14
Let k = -162 - -188. Calculate the remainder when 205 is divided by k.
23
Suppose -4*g = -0*g - 428. Calculate the remainder when g is divided by 27.
26
Let s(k) = 0 + 3*k + 3 + 1. Calculate the remainder when s(9) is divided by 17.
14
Suppose j = 3*f - 3*j + 18, -4*f + 2*j - 24 = 0. Let r(k) = -k**2 - 6*k + 6. What is the remainder when 16 is divided by r(f)?
4
Suppose 0 = -5*q + 10*q - 45. Calculate the remainder when q is divided by 7.
2
Let i(u) = u**2 + 5*u - 4. Let v be i(-6). Suppose 2*r = v*a - 2*r - 82, -5*a + 3*r + 205 = 0. Calculate the remainder when a is divided by 21.
20
Let s(o) = -o + 9. Let g be s(7). Suppose -3*b + 73 = v + v, 5*b = g*v + 95. Calculate the remainder when b is divided by 11.
10
Let h = 61 + -43. Calculate the remainder when 71 is divided by h.
17
Let c(j) = -43*j**3 - j**2 - j. Calculate the remainder when 214 is divided by c(-1).
42
Let d(x) = 14*x + 0 + 6 - 3 - 9*x. Calculate the remainder when 29 is divided by d(1).
5
Let x(a) = 2*a**3 - 4*a**2 - 6*a + 1. Suppose 0 = 4*v + 3*j - j - 34, -3*v + 4*j = -53. Calculate the remainder when x(4) is divided by v.
8
Suppose 0 = -2*o - 3 + 1. Let l(z) = -155*z**3 - z. Let k be l(o). Suppose 147 = 3*t - 2*r + r, -2*r + k = 3*t. What is the remainder when t is divided by 17?
16
Suppose -2*l = -0*l. Let m(p) = -p**2 + 0 - 2 + 6. What is the remainder when m(l) is divided by 3?
1
Suppose -2*a + 3 + 7 = h, 52 = 4*h - 4*a. What is the remainder when 15 + 2 + -1 + -1 is divided by (-4)/h + (-50)/(-6)?
7
Let t(v) = -v**2 + 8*v + 8. Suppose 0 = -3*k + 5*m + 39, -k - 5*m + 3 + 10 = 0. Calculate the remainder when k is divided by t(8).
5
Let p = -32 - -53. Let l = p - 12. What is the remainder when 15 is divided by l?
6
Let n be -8 - 2/(-1*2). Suppose -5*u + 65 = -2*h, 8 = -2*u + h + 33. Calculate the remainder when 2/(-7) - 310/n is divided by u.
14
Suppose 5*p - 1816 = -516. What is the remainder when 25 is divided by p/28 + (-4)/14?
7
Suppose 9*p = 5*p + 16. Suppose -3*k - 11 + 47 = 3*g, -7 = -g + p*k. What is the remainder when g is divided by 7?
4
Suppose 0 = 3*j - 13 - 2. Suppose -7*o + 16 = -3*o. Suppose -o*a = 12, j*b = -0*b - 2*a + 129. What is the remainder when b is divided by 15?
12
Let u(l) = 2*l**3 + 7*l**2 - 8*l + 1. Let b(p) = 3*p**3 + 7*p**2 - 9*p + 2. Let v(q) = -3*b(q) + 4*u(q). Calculate the remainder when 101 is divided by v(4).
23
Suppose 5*o - 202 - 48 = 0. Let h = -34 + o. Suppose 2*i = -2*i + h. What is the remainder when i is divided by 3?
1
Let r = 30 - 21. Calculate the remainder when r is divided by 7.
2
Let r be 0 - (-5 - -1)*-1. Let u(y) = y**3 + 4*y**2 - 3*y + 5. Let x = 19 - -13. Calculate the remainder when x is divided by u(r).
15
Let k(i) = 45*i**2. What is the remainder when 268 is divided by k(1)?
43
Suppose 5*q - 2*q - 534 = 0. What is the remainder when 63 is divided by q/11 - (-4)/(-22)?
15
Suppose -l = -6*l + 120. Calculate the remainder when 116 is divided by l.
20
Let u = 88 - 58. Calculate the remainder when 88 is divided by u.
28
Suppose 110 = 5*w - b, 3*w = 3*b - 2*b + 66. Calculate the remainder when 60 is divided by w.
16
Let g(s) = -s + 10. Calculate the remainder when 69 is divided by g(-14).
21
Suppose 0 = 3*d + 9, 2*d + 3 = -3*q + 21. Calculate the remainder when 21 is divided by q.
5
Suppose 0 = 15*z - 7*z - 328. Calculate the remainder when z is divided by 11.
8
Calculate the remainder when 20 is divided by (0 - -22)*(-2)/(-4).
9
Let c = 14 + 0. Let f(k) = -k**3 + 5*k**2 - 1. Let x be f(2). Suppose x = r - 16. Calculate the remainder when r is divided by c.
13
Let i be (-180)/22 + (-6)/(-33). Let u(v) = v**2 + 5*v - 5. What is the remainder when u(i) is divided by 11?
8
Suppose 33 = 5*x - 4*y, -2*x = -2*y - y - 16. Calculate the remainder when 4*-23*(6 + (-125)/20) is divided by x.
3
Suppose -4*q - 6 = -2*n - 0*q, -1 = -4*n - 3*q. Calculate the remainder when 2 is divided by n.
0
Suppose -2*q = -3*u + 5*u - 92, 4*u + 2*q = 174. Suppose -u + 0 = -o. What is the remainder when o is divided by 21?
20
Suppose -43 = -3*d + 8. Let q = d - -5. What is the remainder when q is divided by 6?
4
Let c(j) = -2*j - 6. Let y be c(-4). Suppose -2*t = y*i + 54, 2*t + 4*i + 3 = -57. Calculate the remainder when -12*(2 + t/9) is divided by 5.
3
Let i(s) = -3*s + 1. Suppose 5*q - 76 = 69. Suppose 2*v + q = 3*n - 7, 5*n - 60 = v. Calculate the remainder when i(-7) is divided by n.
10
Let n(c) = 2*c - 21. What is the remainder when n(19) is divided by 6?
5
Let r(s) = -s + 15. Let b(m) = -3*m - 1. Let f be b(-7). Suppose 3*d - 21 = u - 2, -4*u - f = -5*d. What is the remainder when r(0) is divided by d?
7
Let o be 14/8 + 5/20. Suppose -p = o*p - 78. Calculate the remainder when p is divided by 14.
12
Suppose o + 3*x - 7*x + 15 = 0, 0 = -o + 5*x - 19. Let n(t) be the second derivative of 3*t**4/2 + 3*t. Calculate the remainder when 34 is divided by n(o).
16
Let r = -2 + 4. Suppose 0 = -6*g + r*g + 36. What is the remainder when 15 is divided by g?
6
Let w(p)